85
-398887 (base 11) to base 7
-5216630
15514131 (base 6) to base 8
2072507
Convert 12102002200 (base 3) to base 11.
73024
Convert 260063 (base 13) to base 8.
3371161
38ba98 (base 14) to base 12
7a2306
Convert 119712 (base 12) to base 11.
185a8a
Convert -38c168 (base 15) to base 7.
-32103353
-4580517 (base 9) to base 15
-33d02d
Convert -11220310300 (base 4) to base 5.
-334243221
What is 2031301230 (base 4) in base 11?
367334
What is -58494 (base 11) in base 8?
-244730
What is -11220212002001 (base 3) in base 13?
-707332
-175021 (base 11) to base 13
-95cbb
What is -100210010000200 (base 3) in base 9?
-10703020
-578214 (base 9) to base 2
-1010100110000101011
-1310356 (base 9) to base 11
-449583
Convert 5c5d (base 15) to base 16.
4ccf
What is -37760 (base 8) in base 7?
-65502
What is -11020202010 (base 3) in base 8?
-243301
414194 (base 10) to base 13
1166b1
What is 38810 (base 13) in base 5?
11321444
Convert -105502010 (base 6) to base 7.
-22410405
Convert -51210 (base 15) to base 9.
-431436
Convert 122111210022 (base 3) to base 2.
1010100001001010111
What is 122210201010 (base 3) in base 6?
11302220
What is 1010010011010100011 (base 2) in base 11?
210693
-de2d (base 16) to base 12
-28ab9
-131102212332 (base 4) to base 9
-15402703
What is ef7ec (base 16) in base 6?
33005312
What is -11000100000011110 (base 2) in base 11?
-69467
9791aa (base 11) to base 7
16203152
Convert 18b803 (base 13) to base 7.
5213020
What is -23221211 (base 5) in base 3?
-101201011122
What is -121668 (base 10) in base 9?
-204806
Convert 178577 (base 11) to base 3.
111222001120
Convert 13220310201 (base 4) to base 8.
7506441
Convert 13120412 (base 5) to base 2.
11111100111001010
Convert -6b6839 (base 12) to base 6.
-101045313
Convert 276684 (base 9) to base 10.
168961
-366560 (base 8) to base 6
-2412452
-1353445 (base 6) to base 5
-4433120
What is 4aaa3 (base 13) in base 10?
138037
What is 12320003133 (base 4) in base 10?
1802463
What is 67c984 (base 15) in base 7?
60050014
What is 2c39ab (base 14) in base 3?
2220120210102
Convert 467bb6 (base 14) to base 9.
4462651
13347 (base 13) to base 12
18806
385e5 (base 15) to base 13
64049
Convert -1101101100101000 (base 2) to base 7.
-322366
What is 3249a (base 11) in base 6?
1002230
Convert 493c26 (base 13) to base 16.
1ab758
240066 (base 11) to base 7
3144011
What is 10312202120 (base 4) in base 3?
2101121210122
Convert -1203221330 (base 4) to base 14.
-a8a84
2cc344 (base 13) to base 14
20d4a1
-644441 (base 9) to base 8
-1355507
Convert -5323774 (base 10) to base 12.
-1948a7a
What is -2423652 (base 8) in base 4?
-2202132222
4ee956 (base 15) to base 10
3795606
-10022112201 (base 3) to base 9
-108481
-2422ab1 (base 12) to base 3
-111012100010021
What is -4647d (base 15) in base 6?
-4443544
Convert ba16 (base 12) to base 2.
100111111110010
What is -14301132 (base 5) in base 3?
-21121222202
Convert -100000110100101001 (base 2) to base 8.
-406451
Convert -5a433 (base 11) to base 4.
-111033323
5478470 (base 9) to base 10
2945547
What is -2646156 (base 8) in base 14?
-153bc2
Convert -1069237 (base 10) to base 11.
-670374
What is -4c3a4a (base 13) in base 10?
-1836247
Convert -56672600 (base 8) to base 11.
-6a31156
1a9316b (base 13) to base 9
17507278
Convert -30446 (base 8) to base 7.
-51453
What is -1552920 (base 13) in base 8?
-32037624
What is -292ab4 (base 15) in base 9?
-3652817
Convert a39a7 (base 15) to base 11.
324666
What is 176328a (base 12) in base 9?
10123577
Convert -1665151 (base 9) to base 13.
-266a3a
Convert 523162 (base 7) to base 11.
61651
Convert -101112101 (base 3) to base 13.
-3658
What is -8cb0b9 (base 14) in base 16?
-49264b
-2cd87 (base 14) to base 11
-77517
Convert 132021144 (base 5) to base 15.
cecee
-202020110 (base 5) to base 3
-1112100022000
What is f631f (base 16) in base 15?
14dbca
1177035 (base 8) to base 16
4fe1d
15013430 (base 8) to base 7
41005503
Convert 221122202021 (base 3) to base 8.
1732267
What is 114555451 (base 6) in base 9?
4111844
What is 1110225 (base 6) in base 16?
da09
-20121001100 (base 3) to base 13
-47106
What is 223334365 (base 7) in base 3?
221120101100211
Convert -12015a7 (base 11) to base 3.
-10221110210010
Convert 1543073 (base 8) to base 14.
b7b19
Convert 19326b (base 13) to base 7.
5254235
What is 121353055 (base 6) in base 9?
4320738
41400444 (base 5) to base 14
8c273
3230104 (base 5) to base 12
27a19
10110034242 (base 5) to base 9
21232246
3244b (base 12) to base 14
1a239
Convert 104414 (base 9) to base 2.
1111001101011110
-312020214 (base 6) to base 15
-71e59a
What is -122001002211 (base 3) in base 11?
-20a004
Convert -89490 (base 14) to base 8.
-1212206
144303355 (base 6) to base 13
815135
What is 3440138 (base 9) in base 13?
50025b
What is -250211 (base 16) in base 12?
-98b695
What is -1543201 (base 6) in base 14?
-25477
-10214434 (base 7) to base 3
-1121202021111
What is -3324537 (base 10) in base 8?
-14535171
10001001000010100000 (base 2) to base 8
2110240
Convert 401116 (base 8) to base 14.
35da6
Convert 2623371 (base 8) to base 14.
1504d3
-2bfe7 (base 16) to base 11
-113428
What is -401278 (base 9) in base 8?
-717146
What is b67136 (base 12) in base 2?
1010111101100111111010
Convert -1263061 (base 7) to base 2.
-101000101101010101
Convert -291937 (base 10) to base 8.
-1072141
What is -156779 (base 12) in base 10?
-363981
Convert -1a4b2a (base 14) to base 3.
-1202111210100
Convert -19c0b8 (base 15) to base 6.
-42525145
-261453 (base 8) to base 16
-1632b
Convert -304808 (base 9) to base 8.
-540757
-237213 (base 9) to base 8
-427322
23061612 (base 7) to base 9
3711153
What is 31140 (base 6) in base 10?
4164
Convert -2199 (base 11) to base 13.
-1415
What is -3768a4 (base 12) in base 7?
-10451335
Convert 144072 (base 9) to base 10.
88274
What is 1323352 (base 6) in base 11?
50135
Convert 10000000101010111 (base 2) to base 16.
10157
Convert -166991 (base 13) to base 12.
-22a748
Convert -b7009 (base 12) to base 9.
-405440
c3c5c (base 13) to base 14
92100
ebe31 (base 15) to base 2
10110110111000001111
Convert -27228 (base 11) to base 5.
-2220441
What is -3d90a (base 15) in base 8?
-602231
-2010111221222 (base 3) to base 2
-100010100011001001101
Convert 635517 (base 8) to base 7.
1541316
Convert 32311240 (base 5) to base 4.
1003111230
53862 (base 10) to base 7
313014
What is -a60220 (base 11) in base 15?
-238465
-9594c6 (base 15) to base 4
-123022001301
What is -1a45858 (base 11) in base 12?
-11a3681
Convert -99808 (base 11) to base 13.
-50b48
Convert 215434434 (base 6) to base 3.
21100120102011
2210000001 (base 3) to base 5
3222201
What is -412249 (base 12) in base 16?
-f8fd9
What is -7363650 (base 9) in base 10?
-3939318
-2142a (base 13) to base 11
-41114
1010110000100001001100 (base 2) to base 10
2820172
Convert 342e1 (base 15) to base 10.
166036
Convert 36881 (base 11) to base 13.
1b154
Convert -1112211101121 (base 3) to base 4.
-3021000133
Convert -1000110101100101001 (base 2) to base 3.
-112201020002
What is 11010110111000101111 (base 2) in base 8?
3267057
-357a02 (base 11) to base 3
-1001210121211
What is -1124303 (base 10) in base 11?
-6a8784
What is 144678 (base 14) in base 5?
140004441
-33295 (base 10) to base 5
-2031140
What is 1130320 (base 7) in base 14?
39980
What is -126a471 (base 11) in base 13?
-5bb356
What is -513a4a (base 12) in base 4?
-10312130122
What is 1001000000110010100100 (base 2) in base 6?
122345352
What is -932331 (base 10) in base 7?
-10632111
What is -2423434 (base 5) in base 14?
-12818
Convert 55751 (base 9) to base 12.
19547
What is 146053c (base 13) in base 9?
13172634
Convert -b7da (base 14) to base 2.
-111110000000100
What is -4235c (base 16) in base 4?
-1002031130
What is 20021200200 (base 3) in base 2?
11110001100111001
4ab38a (base 13) to base 5
424424240
-1756378 (base 11) to base 15
-3dd1dc
Convert a7660c (base 13) to base 16.
3bec19
2bb829 (base 15) to base 12
85b879
What is 12a710 (base 11) in base 16?
31ed5
What is -c86e (base 15) in base 8?
-122644
665bc9 (base 13) to base 7
26334313
d2347 (base 15) to base 6
22133321
471770 (base 10) to base 7
4003265
Convert 1252845 (base 9) to base 3.
1021202221112
28184 (base 15) to base 11
88689
Convert -728936 (base 14) to base 7.
-44566166
-22322132002 (base 4) to base 14
-546882
What is 1